e highest common factor of p and 600.
150
Suppose 14 = 3*z + 2*w - 352, 0 = -3*z + w + 366. Let f = -114 + z. Let p = 4 - 3. Calculate the highest common factor of p and f.
1
Let x(n) = 16*n + 0*n**3 - 2*n**3 - 45*n**2 - 9 + 38*n**2 + 3*n**3. Let r be x(6). Let s = -27 + r. What is the greatest common divisor of s and 36?
12
Suppose 2*r - 703 = -2*l + r, 0 = -3*r + 3. Suppose -7*u = -180 - 9. What is the highest common divisor of l and u?
27
Let r be -1*18*25/(-50). Let s(u) = -u + 59. Let o be s(r). Calculate the highest common factor of 1350 and o.
50
Suppose 996 = 4*y - 4*n, 5*y + n = 1152 + 111. Let l be 1*(3 - (-64 - -4)). Calculate the highest common factor of l and y.
63
Let j be 7 + -3 + (-7)/(28/16). Let g be 238 + j - (-6 + 8). Suppose 540 = 5*n - 4*w, -4*n + 3*w + 195 = -g. Calculate the highest common factor of 8 and n.
8
Let y(t) = -2*t - 5 - 5*t**2 + 4*t + 4*t**2 + 5*t. Let p be y(5). Let w = -492 - -512. Calculate the greatest common factor of w and p.
5
Let t(q) = -q**2 - 21*q - 97. Let u be t(-10). Suppose 9 = 11*m - u. Calculate the highest common divisor of 10 and m.
2
Suppose 8*i - 5*i - 144 = 0. Suppose -99*n + 1636 + 740 = 0. Calculate the greatest common divisor of n and i.
24
Suppose 3*w = -0*w - 4*a + 135, -4*w - 2*a = -180. Let u = 37 + -36. Let n be 101/11 + u/((-33)/6). What is the highest common divisor of n and w?
9
Suppose 7*t = -5*t + 264. Let j be -60*(t/165)/(2/(-100)). What is the greatest common divisor of 25 and j?
25
Let x = 33 - 4. Let t = x - 11. Let c be 1269/12 + t/(-24). What is the greatest common factor of c and 21?
21
Let z = 3075 - 1194. Calculate the greatest common factor of 198 and z.
99
Let q(c) be the first derivative of 141*c**2 - 2*c - 2. Let u be (-60)/(-45)*(-3)/(-4). Let r be q(u). What is the highest common divisor of 40 and r?
40
Let y = 20311 - 20289. Calculate the highest common divisor of y and 15697.
11
Let h = -4574 - -4682. What is the greatest common divisor of h and 729?
27
Let c(g) = -g**3 + 21*g**2 - 21*g + 42. Let n be c(20). Suppose -4*h + n = -2*t, -4*h - 2*t + 3*t + 27 = 0. What is the greatest common factor of 8 and h?
8
Let x be ((-18)/(-4) - 3)*12. Let c(f) = -5*f + 7. Let i be c(x). Let h = i - -163. What is the highest common factor of 32 and h?
16
Let d be 48/10*(-40)/(-6). Let z be (-46 - -21 - -427) + 14. What is the greatest common divisor of d and z?
32
Suppose 3*u - 60 = -2*u - 3*t, -5*u = 4*t - 65. Let k(z) = 426*z - 227*z - 226*z - z**2 - 128. Let c be k(-20). What is the greatest common factor of u and c?
3
Let o(n) = 0*n**3 - 2*n + 1 - 5*n**3 + 16*n**2 + 7*n**3 - 8*n + 3*n. Let j be o(-8). What is the highest common factor of 627 and j?
57
Let b = -56 - 476. Let i = -402 - b. Calculate the greatest common factor of 40 and i.
10
Suppose 0 = 1208*q - 1213*q + 4*a + 163, -q + 6 = 3*a. Calculate the greatest common divisor of 2367 and q.
9
Suppose -4*l - 2*q = 3*q - 458, 0 = -l + 3*q + 123. Suppose -120*z - l = -123*z. What is the greatest common divisor of z and 6?
3
Let j = 196 + -43. Suppose 185 + j = 2*p. What is the highest common factor of p and 13?
13
Let c be 3*-16*(-2)/(-6). Let s be 2/(4/50) - (8 + 1 + -17). Let t = c + s. What is the highest common divisor of 34 and t?
17
Let k(m) = 106*m**2 - 6*m + 5. Let t be 1/3 + (-4)/(-6). Let h be k(t). What is the highest common factor of 175 and h?
35
Let u(h) = h**3 + 7*h**2 + 2*h - 11. Let v be u(-6). Suppose -270 = -3*b + v*b. Let o = b + 111. Calculate the highest common factor of 12 and o.
12
Let w(c) = 21*c - 18. Let d be w(-17). Let y = 738 + d. Let q(g) = -33*g**3 - g**2 + 1. Let b be q(-1). What is the highest common factor of b and y?
33
Let w = 20085 + -19780. What is the highest common divisor of w and 2257?
61
Let a(c) = -16*c**3 - 2*c - 1. Let b be a(-1). Suppose -7*l = -b - 18. Suppose -294 = -l*g - 9. Calculate the greatest common factor of 38 and g.
19
Suppose 0 = -147*s + 16805 + 481231. Calculate the highest common factor of 56 and s.
28
Suppose 19 = 3*h - 2. Suppose -h = -5*p - 2. Let z be (-2)/((-116)/(-120) - p). Calculate the highest common divisor of z and 20.
20
Let y = -289 + 232. Let s = y - -63. Calculate the greatest common divisor of 1 and s.
1
Suppose -3*b - 5*t - 1760 = 0, -3*b + 2344 = -7*b - 4*t. Let v = -279 - b. What is the highest common factor of 36 and v?
18
Let u = 5964 - 5268. Calculate the greatest common factor of u and 435.
87
Suppose 124 = 2*c - 63*q + 67*q, -3*c - q + 171 = 0. What is the highest common factor of c and 252?
28
Suppose 4*a - 3515 = -5*l, -30*l - 2636 = -3*a - 34*l. Calculate the greatest common factor of a and 88.
88
Let o = 1260 - 1207. Let d(u) = 16*u + 56. Let p be d(23). Calculate the greatest common factor of o and p.
53
Let g be (-97)/(-2) - 1/(-2). Let t(a) = 2*a + 1. Let s be 10/4*(252/(-35))/(-6). Let o be t(s). What is the highest common factor of g and o?
7
Let j(a) = -1450*a - 361. Let g be j(-6). Calculate the greatest common divisor of g and 31.
31
Suppose 5*o + 4 = v + v, -2*o = -v + 2. Suppose w - v*s - 8 = -6*s, 0 = 4*w - s - 32. Suppose -12*l + w*l = -36. Calculate the highest common factor of l and 9.
9
Let f(u) be the third derivative of -u**5/60 - 3*u**4/4 - 11*u**3 + 65*u**2. Let v be f(-10). Let o = 84 + -49. What is the greatest common factor of v and o?
7
Suppose k - 21*k - 20 = 0. Let z be (-13 + 15)*(-3)/6*k. What is the greatest common factor of z and 5?
1
Let m = 1934 + -1886. Calculate the greatest common factor of m and 18.
6
Suppose -j + 4*o = -107, -41*j + 34*j - 5*o + 650 = 0. Calculate the greatest common divisor of j and 228.
19
Let g = 15317 + -15110. Calculate the greatest common factor of 22563 and g.
207
Suppose -4*h + 7 + 25 = 0. Suppose 2*s = -h*s + 3200. Suppose 3*m - m = s. What is the highest common factor of 64 and m?
32
Let k(w) = -w**2 + 3*w + 33. Let z be k(7). Suppose -2*j - 179 = -4*s - 565, 2*s - z*j = -197. Let x = s + 120. What is the highest common factor of x and 120?
24
Suppose 14*m + 2839 = 319. Let w = -154 - m. What is the greatest common divisor of 78 and w?
26
Let f(o) = -o**2 + 13*o - 19. Let r be f(12). Let n be r + 60 - 9/(-3). What is the greatest common divisor of 16 and n?
8
Suppose 317*g = 413*g - 509184. What is the greatest common divisor of 72 and g?
24
Suppose -4*p + 14 = -2. Let z(s) = -7*s - 1. Let d(f) = 22*f + 13. Let q(a) = -2*d(a) - 6*z(a). Let j be q(-28). What is the greatest common divisor of p and j?
4
Suppose -5*f + f = 4*s, -2*s - f = -3. Suppose 2*w - 1542 = -s*w + p, -p + 1230 = 4*w. Calculate the highest common divisor of w and 44.
44
Let o be (8/20)/(2151/(-1080) - -2). Let q = 53 - 18. Let j be (60/q)/((-2)/(-7)). Calculate the highest common divisor of j and o.
6
Suppose 0 = -22*r - 2*r + 14*r + 5360. What is the highest common divisor of r and 104?
8
Let y(r) = -r**2 + 14*r + 15. Let v be y(13). Suppose -2*l = -72 - v. Calculate the highest common factor of l and 5.
5
Let v(o) = -o**2 + 252*o - 8259. Let h be v(39). What is the highest common divisor of h and 31120?
16
Let y be 402 + -1 + -57 + 61. What is the highest common factor of y and 5?
5
Let o(x) = 2*x**2 + 24*x + 82. Let b be o(-7). Let i be 4*b - (5 - (9 + -4)). What is the highest common divisor of i and 432?
48
Let q(u) = 4*u**2 - 34*u - 788. Let f be q(-18). Calculate the greatest common factor of 175 and f.
35
Suppose 79*f - 274 = 78*f. Let g be -9 + f/30 - 746/(-30). Calculate the greatest common factor of g and 100.
25
Let n(p) = -p**3 + 55*p**2 + 232*p + 243. Let a be n(59). What is the highest common factor of 2184 and a?
7
Suppose 32*f - 506 = 29*f + 2*b, -4*b - 340 = -2*f. Calculate the greatest common divisor of 203 and f.
7
Suppose 4*v = -6*s + 5058, 3*v - s - 2109 = 1690. Calculate the highest common factor of 18 and v.
6
Let d be (19 - (-2 - 0))/((-2)/(-28)). Calculate the greatest common divisor of 9 and d.
3
Suppose -48*a - 187 = -37*a. Let n be (1156/16)/(1/(-4)). Let s be (-2)/a - 6035/n. Calculate the highest common factor of 3 and s.
3
Let b = -7081 + 7132. What is the greatest common divisor of 69 and b?
3
Suppose -407 = -2*g - 15. Suppose 1890*v - 12 = 1887*v. What is the highest common divisor of v and g?
4
Suppose 2*y = 5 + 5. Suppose -7 = -4*o + 2*o - y*b, 5*o = 2*b + 